the prime factors of v(7)?
3, 43
Suppose 0 = 5*z - 4 + 74. Let g = z - -17. Suppose 0 = -g*a + 3*l - 10 + 34, -4*l + 40 = 2*a. List the prime factors of a.
2, 3
Suppose 7*l - 16 = -2. List the prime factors of (-12)/(0 - l) - -4.
2, 5
Suppose 4*r + 1891 = 3*i, -947 = 2*r + i - 2*i. Let u = -251 - r. List the prime factors of u.
2, 7
Suppose -s + 888 = 3*y, 0 = -2*s + 14*y - 15*y + 1771. What are the prime factors of s?
3, 5, 59
Let x be (8/(-3))/(7/84). Let c = x - -30. List the prime factors of (-20)/6*(-17 - c).
2, 5
Suppose 3*c - 5*f + 14 = 0, -f - f = -8. Suppose 2 = -c*j + 18. List the prime factors of j.
2
Suppose -5*g = -0 - 5. Let t(k) = 3*k**3. Let a be t(g). Suppose 0 = m - a*m + 60. List the prime factors of m.
2, 3, 5
Let m = 35 - 50. Let v(b) = b**2 + 8*b + 32. What are the prime factors of v(m)?
137
Suppose 4*h + 5*h - 3969 = 0. What are the prime factors of h?
3, 7
Suppose i - 3 = -1. Suppose 3*v - 130 = -i*v. Suppose -4*k - 51 = -7*k - 3*c, k = 2*c + v. What are the prime factors of k?
2, 5
Let b = 1424 - 851. List the prime factors of b.
3, 191
Let l(n) = 13 - 5*n - n**3 - 15*n**2 + 7 - 11*n. List the prime factors of l(-14).
2, 3
Let b = 1 - 1. Suppose -4*i + 6*t = 2*t + 8, -4*t + 14 = -i. Suppose b = d + i*d - 195. What are the prime factors of d?
5, 13
Let a = 4462 + -3015. List the prime factors of a.
1447
Suppose -4*x = 4, -735 = -2*p + 3*x - 0*x. Suppose -y + 4*t - 5*t + 179 = 0, -2*y + p = 4*t. What are the prime factors of y?
5, 7
List the prime factors of (12/(-10))/(19/(-33535)).
2, 3, 353
Let q(v) = -66 - 19*v + 39 + 31. List the prime factors of q(-1).
23
Let s be 8/(-2)*(-2)/(-1). Let k be 15/20 + (-114)/s. What are the prime factors of 267/k - 1/(-5)?
2, 3
Let q(s) = -8*s - 14*s - 1 + 3*s + 2*s. Let r(i) = i**3 + 3*i**2 + 2*i - 1. Let t be r(-2). What are the prime factors of q(t)?
2
Let p be (-5 - 0)*(-6 + 0 - -5). Suppose -b + 40 = 4*j, 2*j + 2*j = -p*b + 248. What are the prime factors of b?
2, 13
Let f(t) be the first derivative of t**4/4 + 7*t**3/3 - 9*t**2/2 + 17*t - 13. What are the prime factors of f(-8)?
5
Suppose -16*c + 25088 = 12*c. What are the prime factors of c?
2, 7
Let a be ((-7)/2)/7*-50. Let s be ((-10)/a)/((-2)/240). Let h = -29 + s. List the prime factors of h.
19
Suppose -1386*k - 1185 = -1387*k. What are the prime factors of k?
3, 5, 79
Let u = -54 - -57. Suppose u*i + 55 - 280 = 0. What are the prime factors of i?
3, 5
What are the prime factors of ((-3)/15)/((-11)/23155)?
421
Let w(y) = y**3 + 6*y**2 - 7*y + 6. Let j be w(-6). Suppose -3*v + j = -117. List the prime factors of v.
5, 11
Let d = 5 + 11. Let f = d + -12. What are the prime factors of 34/f - 6/(-4)?
2, 5
Let r(p) = p**3 + p - 1. Suppose 4*t = -12, 9*z + 10 = 4*z - 5*t. Let b be r(z). List the prime factors of 15 - (0/1 - b).
2
What are the prime factors of ((-3884)/(-6))/((-2)/(-3))?
971
Suppose 0 = 5*f - 7 - 18. Let w(a) = -a**3 + 6*a**2 - 6*a + 11. Let x be w(f). Suppose -3*p + x + 150 = 0. What are the prime factors of p?
2, 13
Let n(t) = 6*t**3 + 9*t**2 + 13*t + 13. Let q(i) = -7*i**3 - 8*i**2 - 12*i - 12. Let j(o) = -6*n(o) - 5*q(o). What are the prime factors of j(-13)?
47
Suppose -164 - 61 = -3*r. List the prime factors of (22/(-33))/(1/(r/(-2))).
5
Suppose -163 = 2*z - 491. Suppose -2*s - z = -6*s. What are the prime factors of s?
41
Suppose -w - 101 = -5*j, 5*w - 3*j = -7*j - 534. Suppose l = 86 + 67. Let m = w + l. List the prime factors of m.
47
Let a(c) = 4*c - 2. Let y be a(1). Suppose -q + 112 = -y*j, -5*q + 546 = -j + 5*j. List the prime factors of q.
2, 5, 11
Suppose 6 + 4 = v. What are the prime factors of (-8)/v + (-8526)/(-70)?
11
Let h = 337 + 2243. What are the prime factors of h?
2, 3, 5, 43
Let x(d) = d + 20. Let p be 2/(-8) + (-226)/(-8). Suppose -4*l - 22 - p = 3*v, 0 = 4*l + 4*v + 52. List the prime factors of x(l).
3
Suppose -5*k + 3*c + 1775 = 0, -5*k + 2*k + 5*c + 1065 = 0. List the prime factors of k.
5, 71
Suppose 5*c - 36 = -2*r + 91, 4*c = -r + 101. What are the prime factors of -2*(-2)/(-10) - (-1110)/c?
2, 11
Let p(o) = 281*o + 659. What are the prime factors of p(10)?
3469
Let h = 1929 + -591. List the prime factors of h.
2, 3, 223
Let z(h) be the third derivative of h**6/120 + 7*h**5/60 - h**4/8 - 4*h**3/3 + 2*h**2. List the prime factors of z(-7).
13
Let b(k) = k**2 + 10*k + 12. Let r(w) = -3*w + 8. Let x be r(6). Let g be b(x). List the prime factors of 394/g - (-3)/18.
3, 11
Suppose -2259 = -3*j - 5*g, -3*j - 5*g = -2*j - 763. Suppose t + 3*t = j. What are the prime factors of t?
11, 17
Let h(l) = 5*l**2 + l - 1. Let g = 20 + -12. Let b(o) = -o**2 + 8*o + 2. Let w be b(g). List the prime factors of h(w).
3, 7
Let v = 359 + -325. What are the prime factors of v?
2, 17
List the prime factors of (-4)/(-84)*6 + 79160/35.
2, 3, 13, 29
Let q be 6/(-9) + (-42)/(-9). Suppose -6*l + q*l = -18. List the prime factors of (-9)/(l/24*-2).
2, 3
Let p(q) = 60*q**2 + 16*q - 3. What are the prime factors of p(-4)?
19, 47
Suppose 4 = g - 0. Suppose 4*b = -3*c, 0 = g*b + b. Suppose f - 12 = -c*f. List the prime factors of f.
2, 3
Suppose -t - 3*q = -376, q + 1512 = 4*t + 5*q. What are the prime factors of t?
379
Let j = -3150 - -5232. What are the prime factors of j?
2, 3, 347
Let o(k) = 15*k**2 - 2*k - 14. What are the prime factors of o(10)?
2, 733
Suppose -x = -2*x + 2. List the prime factors of (3*-19)/(x + 1 + -4).
3, 19
Suppose y + 238 = -4*c - 213, 2*c + 5*y = -239. Let z be ((-78)/(-8))/(7/c). List the prime factors of ((-8)/6)/4*z.
2, 13
Suppose -a - 14 = -m + 2*a, 0 = m - 5*a - 22. Suppose -4*n + m*n + 92 = 0. What are the prime factors of n?
2, 23
Suppose -5*z + 4*z = 0. Suppose z*t = 4*t - 176. What are the prime factors of t?
2, 11
Let y = -849 - -1722. List the prime factors of y.
3, 97
Suppose 0 = 7*k + 73*k - 58320. List the prime factors of k.
3
Let c(a) = -581*a - 12. List the prime factors of c(-2).
2, 5, 23
What are the prime factors of 33344/36 + (-20)/90?
2, 463
Let d be (2/3)/((-2)/(-228)). Let w = d + 75. What are the prime factors of w?
151
Let r be (12/(-3))/2 - -445. Let v = 627 - r. Suppose -8*h = -4*h - v. List the prime factors of h.
2, 23
Let r(t) = -7*t - 64. Let n be r(-13). What are the prime factors of (n/(-3))/((-630)/(-212) + -3)?
2, 3, 53
Suppose -3*w = -5*f - 2594, 4*f + 470 + 404 = w. List the prime factors of w.
2, 3, 11, 13
Suppose -x + 5*y = -3902, -y = -3*x + 5313 + 6337. What are the prime factors of x?
2, 3, 647
Let q(o) = -5*o - 11. Let p be q(-7). Let l = 28 - p. List the prime factors of l.
2
Let r = -31 - -35. Suppose 2*c = r*j - 9*j + 145, -5*c = -2*j - 319. List the prime factors of c.
5, 13
Suppose 0 = -2*r - 0 + 8. Suppose -c - r*n + 73 = 0, c = -2*c - 3*n + 201. What are the prime factors of c?
5, 13
Let i = 64 + -39. Let s = i - 22. Suppose -x = s*x - 104. List the prime factors of x.
2, 13
Let s be (-3 - 14) + 0/(-1). Suppose 0 = -15*q + 16*q - 36. Let l = q + s. List the prime factors of l.
19
Let g(q) be the first derivative of 2*q**2 - 11*q + 9. Let p be g(4). Suppose -37 = -j + 4*t, -261 = -0*j - p*j + t. What are the prime factors of j?
53
Let g be 22/(-4) + (-8)/16. Let t = 4 - g. List the prime factors of t.
2, 5
Suppose -5*l - 6675 = -4*a, -2*a = -l + 56 - 3395. List the prime factors of a.
2, 5, 167
List the prime factors of 6/(24/20) - -123.
2
Suppose 0 = -4*q + g - 102, q - 4*g = 5*q + 92. Let y = -10 - q. List the prime factors of y.
3, 5
List the prime factors of 1950/2 + (34/(-2) - -15).
7, 139
Suppose 30 = 4*m - 5*c, -c - 27 = -7*m + 2*m. Suppose -u + n + 13 = -n, -m*n - 58 = -4*u. What are the prime factors of u?
17
Let b be 5 - -45 - -1*(2 - 1). Suppose b*s + 354 = 54*s. What are the prime factors of s?
2, 59
Let n(i) = -2*i**3 + 3*i**2 - 13*i - 11. What are the prime factors of n(-7)?
11, 83
Suppose y - 1840 = -5*d, -5*d - 1092 = -8*d - 3*y. List the prime factors of d.
3, 41
Suppose 0 = -4*s - 0*s + 12. Let w be -3 - 1*(-66)/s. Let c = w - 12. List the prime factors of c.
7
Let k(i) = 43*i**2 - 4*i + 3. Suppose -y - 1 = 4*l, y - 4*y - 14 = l. What are the prime factors of k(l)?
2, 3, 7
Suppose 7*c - 189 = 147. Suppose -8*s + c + 408 = 0. List the prime factors of s.
3, 19
Suppose 4*a + 72 - 312 = 0. Suppose -15*m = -18*m + a.